)?
10
Let t(n) be the second derivative of n**4/12 + 5*n**3/2 - 2*n**2 + 145*n. Calculate t(-15).
-4
Let b(h) = 7*h**2 - h - 7. Let s(y) = -16*y**2 + 3*y + 16. Let p(z) = -9*b(z) - 4*s(z). Suppose 20 = 6*g - g. What is p(g)?
3
Let m be ((-40)/35)/(6/(-21)). Let j(c) = 6 + m - c - 10. Give j(-6).
6
Let o(r) = 102*r + 90*r - 283*r - 5 + 106*r. What is o(4)?
55
Let v(y) = -2*y**2 + 9*y + 25. Let l(j) = 3*j**2 - 13*j - 38. Let m = 27 + -35. Let x(u) = m*v(u) - 5*l(u). Give x(8).
-2
Let k(u) = u**2 - 9*u - 17. Let b be k(11). Let a(v) be the third derivative of -b*v**2 + 0 + 0*v + 1/6*v**3 - 1/8*v**4. Calculate a(1).
-2
Let g(z) = 7*z**3 - 3*z**2 - 6*z - 3. Let s(o) = 13*o**3 - 5*o**2 - 11*o - 6. Let c(j) = -11*g(j) + 6*s(j). What is c(-4)?
-19
Let y(g) = 7 + g**2 + 9 - 19. Give y(3).
6
Let t = -93 - -86. Let h(b) be the first derivative of -b**4/4 - 2*b**3 + 4*b**2 + 6*b + 18. Determine h(t).
-1
Let b(u) = 5*u + 218*u**2 - 214*u**2 - u**3 - 2*u - u + 5. Determine b(5).
-10
Let d(p) = p**2 + 0*p**2 - 5 - 3*p + 2*p**2 - p**3 + 7. Determine d(3).
-7
Let z(a) = -a**2 + 3*a - 6. Let p = -185 - -438. Let c be p/55 - 1/(10/6). Determine z(c).
-10
Let t = 6 + -11. Let b(g) be the third derivative of g**5/30 + g**4/3 + g**3/2 - 1131*g**2. Determine b(t).
13
Let y(w) = w**3 + 6*w**2 - 3*w + 5. Suppose -5*p + 88 - 123 = 0. What is y(p)?
-23
Let c(p) = p**2 - 8*p + 3. Let x(n) = -n**2 + 7*n + 4. Let a be x(7). Suppose h - 7 = -m, a*m = h - 3*h + 26. Give c(m).
-9
Let i(a) be the third derivative of -a**4/4 - a**3/2 + 7*a**2. Let d be i(-2). Let u(w) = 0*w - 12 - 8*w - d*w + 16*w. Give u(-6).
-6
Let x(c) = c**3 + c**2 + c - 1. Let y be (-2)/(-10) - (-10)/(-50). Suppose y = 5*b - b. Determine x(b).
-1
Let u(w) be the second derivative of w**5/20 + w**4/2 - 7*w**3/6 - w**2 - 2*w. Give u(-7).
-2
Let m(h) = h**3 + 9*h**2 + 7*h - 3. Suppose o + 5 + 3 = 0. Let g be m(o). Suppose 21 = g*t - 3*l, t + 0*t - 4*l + 6 = 0. Let p(b) = b - 3. Give p(t).
3
Let m(q) = q - 5. Suppose 0 = -3*x + 12, -66 = -4*u - 5*x - 18. Let w be m(u). Let v(p) = -4*p - 2 - p**3 - 4*p**2 + 3*p**w - 3*p**2. Calculate v(-3).
1
Let n(w) = -6*w**2 + 7*w**2 - 3 + 3*w + 5*w. Let i be n(-9). Suppose m + i = 2. Let l(a) = -a**2 - 2*a - 1. Determine l(m).
-9
Let b be 1*((-77)/(-63) + (-6)/27). Let k(g) = 18*g. What is k(b)?
18
Let y(z) = -z**2 + 6*z - 6. Suppose 12*v + 960 = -20*v. Suppose 0 = -5*u + 4 + 11, -3*c + 21 = 3*u. Let d be (c/12)/((-2)/v). What is y(d)?
-1
Let r(g) = -44*g**2 + 30 - 7*g**3 + 9*g**3 + 30*g**2 - g**3 - 2*g. Determine r(14).
2
Let x be -5 + -3 + (2 - 0). Let c(d) = 41*d**3 - 12*d**2 + d + 8. Let o(a) = 27*a**3 - 10*a**2 + a + 7. Let s(b) = 2*c(b) - 3*o(b). What is s(x)?
1
Let g(u) = -2*u**2 + 3*u - 2. Let d = -125 + 122. What is g(d)?
-29
Suppose 3*c - 1 = 2. Let k(u) = 5*u - 7*u + u - 2*u. Give k(c).
-3
Let z(p) = p**3 - 3*p**2 + 249 - 236 - 6*p**2. Determine z(9).
13
Let q(o) = -6*o - 7*o + 15*o - 9*o. Give q(-1).
7
Let c(s) = s**3 - 9*s**2 - 39*s + 30. Let g be c(12). Let z(o) = -o + 1. Determine z(g).
7
Suppose -5 = 3*w + 10. Let o(s) be the first derivative of s**4/12 + s**3 + 7*s**2/2 + 3*s + 4. Let a(q) be the first derivative of o(q). What is a(w)?
2
Let b(v) be the first derivative of v**4/4 - 8*v**3/3 + 5*v**2/2 + 6*v + 23. Let d(l) = 10*l + 57. Let m be d(-5). What is b(m)?
-8
Let y(n) = -6 - n + 24 - 3 - 5*n**2 - 9. Give y(2).
-16
Let d(v) = 2*v**2 - 41*v - 27. Let n = -643 - -664. What is d(n)?
-6
Let l(x) = -69*x + 3 - 1 + 67*x. Let k be 8/28 - 78/(-21). Calculate l(k).
-6
Let v(p) be the second derivative of -p**4/12 + 2*p**3/3 + 3*p**2/2 + 2*p. Let d be (1 - (-21)/(-15))*-10. What is v(d)?
3
Let r(x) = x**3 - 6*x**2 + 5*x + 4. Suppose -6*l + 8*l = 2. Let q = l - 0. Let v = q + 3. What is r(v)?
-8
Let k = 0 + -3. Let v = 1 - k. Let h(d) = -5 + 4*d**3 - v*d**2 + 2*d**3 - 7*d**3. Determine h(-4).
-5
Let n = -579 - -581. Let s(w) be the second derivative of -n*w + 1/6*w**3 - w**2 + 0. Determine s(0).
-2
Suppose -3*r - 3 = 6. Let j(l) = l**2 + 4*l - 3. Let w be j(r). Let o(p) = p**3 + 7*p**2 + 7*p + 6. Let q be o(w). Let a(n) = n**3 - n**2 + 10. Determine a(q).
10
Let o(a) = 2*a - 3. Let r be o(-5). Let m(d) = -6*d + 4. Let x(q) = 77*q - 59. Let c(j) = 13*m(j) + x(j). Give c(r).
6
Let p(o) be the second derivative of 1/12*o**4 + o + 0 - o**3 - 1/2*o**2. Let y = -3321 + 3327. What is p(y)?
-1
Suppose 4*r + 28 = 4*h, 2*r - 6*r = -5*h + 34. Suppose -2*j - 2*w = -h + 4, -4*w = j - 10. Let c(o) = o**2. What is c(j)?
4
Suppose -5*w = 3*h + 2*h - 30, 4*h - 25 = -5*w. Let b(d) = -92*d**2 - d + 92*d**2 - 7*d**3. Determine b(w).
-8
Let x(i) = -i + 3. Suppose -18 = 2*h - 62. Let t = 14 - h. What is x(t)?
11
Suppose 4*a = 5*a - 3. Let j(t) = 11*t**a + 24 - 50 - 2*t + 25 - 2*t**2. Give j(-1).
-12
Let g(s) = s**3 - 2*s**2 - 7*s - 1. Suppose 3*d - 15 = -0*d + l, -3*d + 5*l = -27. Let i be g(d). Let q(y) = -2*y**2 + 4*y - 1. Calculate q(i).
-7
Let z(x) = x**3 - 2*x**2 - 3*x - 3. Suppose a = -3*y - 6, 0 = -15*a + 10*a + 4*y + 27. Calculate z(a).
-3
Let r(y) be the third derivative of -1/30*y**5 - 1/5040*y**7 + 0*y**4 + 0*y**6 - 4*y**2 + 0*y + 0 + 0*y**3. Let h(q) be the third derivative of r(q). Give h(1).
-1
Let g(z) = -2*z + 3. Let c(r) = -2*r - 3. Let y(p) = -2*c(p) + g(p). Calculate y(-3).
3
Let y(u) = -u + 8. Let x(z) = -2*z + 2. Let r be x(-2). Let h = r - -2. Give y(h).
0
Let w(t) = -43*t - 4 + 7 + 41*t - 3. What is w(-4)?
8
Let p(m) = -m**3 + 6*m**2 - 7*m + 6. Let n be p(4). Let w = n - 8. Let c(v) = -4*v**w - 24*v**3 + 16*v**3 + 7*v**3 + 4 + 5*v + 0. Determine c(-5).
4
Let f(b) = 4*b**2 - 24*b + 1. Suppose -137*h = -122*h - 90. Determine f(h).
1
Let m(o) = -o**3 - 11*o**2 + 11*o - 16. Let p be m(-12). Let r(l) = -l**2 - 2*l + 3. Calculate r(p).
-5
Let m(g) be the first derivative of g**3/3 - 3*g**2 - 11*g + 534. Let k = 15 - 10. Suppose -21 = -2*l - k. What is m(l)?
5
Let z(i) = -20*i - 2. Let v be 11 + -8 + -1 + 0. What is z(v)?
-42
Let h(y) be the first derivative of y**3/3 + 9*y**2/2 - y - 162. Calculate h(-8).
-9
Suppose f = 9 - 4, 4*r - 2*f - 26 = 0. Let o(d) = -5*d - 7*d**2 - r*d + d**3 + 6 + 25*d - 6*d. Calculate o(6).
0
Let g(w) = 25 + 4*w - 142 + 55 + 41. Give g(16).
43
Let j(v) = 4*v + 2. Let d be (-2)/6 + 4/3. Let r be (32/(-24))/(d/(-18)). Let f = -21 + r. Calculate j(f).
14
Let q(p) = p**3 - 12*p**2 - 13*p + 2. Suppose 23 = 12*l - 133. Give q(l).
2
Let p(y) = -y**2 - 14*y - 7. Let h = 747 + -753. Give p(h).
41
Let n(j) = -j**2 + 1. Let h(l) = -11*l**2 - 3*l + 2. Let k(i) = -h(i) + 4*n(i). Let m(p) = -p + 6. Let v be m(8). Give k(v).
24
Let v = 12 - 30. Let d = v + 13. Let f(h) = 130*h**2 - 7 - 131*h**2 - 9*h + 3*h. Determine f(d).
-2
Let p(d) = -4 + 10*d**2 + 5*d - 13*d**2 - 3*d + 5. Determine p(2).
-7
Suppose 3*s + 3*u = -6, -3*s = s - 2*u - 16. Let l be (36/(-24))/(s/(-24)). Let t = l - 13. Let w(p) = -p + 1. Calculate w(t).
-4
Let t(m) = 2*m**2 + 2*m + 1. Let k = -94 - -94. Suppose k = -16*x + 2*x - 14. Give t(x).
1
Let a(l) = l**2 - 9*l + 3. Let k(h) = -3*h**2 + 26*h - 8. Let f(o) = 8*a(o) + 3*k(o). Determine f(6).
0
Let h(o) = -o + 10. Let y(k) = k - 5. Let v(z) = -z**2 - 5*z + 2. Let w be v(-5). Let r(s) = w*h(s) + 5*y(s). Give r(4).
7
Let l(y) be the first derivative of -19 + 1/3*y**3 + 11*y + 3*y**2. What is l(-8)?
27
Let t be -1*(-3)/(-3) - 0. Let q be 168/49 - 3/7. Let z(b) = 22*b**2 - 2*b**3 + 1 - 2*b**q - 22*b**2 + b. Determine z(t).
4
Let u(k) = 7*k - 1. Suppose 24*j - 29*j = -5, 4*j = -2*z. Calculate u(z).
-15
Let q(v) = v + 1. Let d be q(-2). Let h be (4/3)/(((-8)/12)/d). Let s(z) = 3*z - 1. What is s(h)?
5
Suppose 3*l = -3*o + 21, -3*o + 0*l + 17 = l. Let y(i) = -4*i + 17. Let p(x) = 2*x - 9. Let c(w) = 7*p(w) + 4*y(w). Give c(o).
-5
Let a = 35 + -32. Let k(l) be the first derivative of -l**4/4 + l**3/3 + 2*l**2 + l + 1. Calculate k(a).
-5
Let j = -4 + 1. Let p = 8 + -6. Let b(i) = 2 - 8*i**2 + 7*i**p + 0*i**2. Give b(j).
-7
Let s = -1 + -6. Let b = s - -9. Let j(h) = 5 + 0*h - h**2 - 6*h + b - 1. Calculate j(-6).
6
Let k(m) = -m. Let a(j) = 3*j + 3. Let h(y) = a(y) - 2*k(y). Let r = -282 + 280. Determine h(r).
-7
Suppose 3*u + 5 - 6 = 5*y, -2*u + 3*y = 0. Let z(c) = -c - 9. Determine z(u).
-6
Let g(v) = -v**3 - 7*v**2 - 4*v + 1. Let a = -73